{"id":24720,"date":"2023-11-17T06:47:35","date_gmt":"2023-11-17T06:47:35","guid":{"rendered":"https:\/\/calatorinromania.com\/?page_id=24720"},"modified":"2023-11-17T06:47:36","modified_gmt":"2023-11-17T06:47:36","slug":"politica-de-confidentialitate","status":"publish","type":"page","link":"https:\/\/calatorinromania.com\/?page_id=24720","title":{"rendered":"POLITICA DE CONFIDENTIALITATE"},"content":{"rendered":"\n<p><strong>Data: 13.11.2023<\/strong><\/p>\n\n\n\n<p><strong>1. Introducere<\/strong><\/p>\n\n\n\n<p>Bine a\u021bi venit la calatorinromania.com. La calatorinromania.com, ne angaj\u0103m s\u0103 v\u0103 protej\u0103m confiden\u021bialitatea. Aceast\u0103 Politic\u0103 de Confiden\u021bialitate explic\u0103 modul \u00een care colect\u0103m, folosim, dezv\u0103luim \u0219i gestion\u0103m informa\u021biile dvs. personale \u00een leg\u0103tur\u0103 cu serviciile noastre, care sunt accesibile prin site-ul nostru web sarbatorialaturidetine.ro<\/p>\n\n\n\n<p><strong>2. Informa\u021bii pe care le colect\u0103m<\/strong><\/p>\n\n\n\n<ul>\n<li><strong>Informa\u021bii furnizate direct de dvs.:<\/strong>&nbsp;Colect\u0103m informa\u021bii pe care ni le furniza\u021bi direct, cum ar fi numele, adresa de e-mail \u0219i alte detalii atunci c\u00e2nd v\u0103 crea\u021bi un cont, completa\u021bi un formular prin site-ul nostru.<\/li>\n\n\n\n<li><strong>Informa\u021bii colectate automat:<\/strong>&nbsp;Colect\u0103m anumite informa\u021bii automat, cum ar fi adresa IP, tipul de browser, limbajul browserului, paginile site-ului nostru pe care le vizita\u021bi, date \u0219i ore de acces, \u0219i alte detalii tehnice.<\/li>\n<\/ul>\n\n\n\n<p><strong>3. Cum folosim informa\u021biile<\/strong><\/p>\n\n\n\n<p>Utiliz\u0103m informa\u021biile colectate pentru a furniza, men\u021bine \u0219i \u00eembun\u0103t\u0103\u021bi serviciile noastre, pentru a comunica cu dvs., pentru a v\u0103 oferi asisten\u021b\u0103 \u0219i pentru alte scopuri descrise \u00een aceast\u0103 Politic\u0103 de Confiden\u021bialitate, Pentru a oferi reclame personalizate prin parteneri precum Google Ads, Ezoic.<\/p>\n\n\n\n<p><strong>4. Divulgarea informa\u021biilor<\/strong><\/p>\n\n\n\n<p>Nu vindem sau distribuim informa\u021biile dvs. personale ter\u021bilor f\u0103r\u0103 consim\u021b\u0103m\u00e2ntul dvs., cu excep\u021bia cazurilor prev\u0103zute de lege.<\/p>\n\n\n\n<p><strong>5. Securitatea datelor<\/strong><\/p>\n\n\n\n<p>Implement\u0103m m\u0103suri de securitate pentru a proteja informa\u021biile dvs. personale de accesul neautorizat, modificarea, divulgarea sau distrugerea neautorizat\u0103.<\/p>\n\n\n\n<p><strong>6. Drepturile dvs.<\/strong><\/p>\n\n\n\n<p>Ave\u021bi dreptul de a accesa, corecta, actualiza sau solicita \u0219tergerea informa\u021biilor dvs. personale.<\/p>\n\n\n\n<p><strong>7. Modific\u0103ri ale Politicii de Confiden\u021bialitate<\/strong><\/p>\n\n\n\n<p>Ne rezerv\u0103m dreptul de a actualiza sau modifica aceast\u0103 Politic\u0103 de Confiden\u021bialitate \u00een orice moment, prin publicarea unei versiuni revizuite pe site-ul nostru.<\/p>\n\n\n\n<p><strong>8. Contact<\/strong><\/p>\n\n\n\n<p>Pentru orice \u00eentreb\u0103ri sau preocup\u0103ri legate de aceast\u0103 Politic\u0103 de Confiden\u021bialitate, v\u0103 rug\u0103m s\u0103 ne contacta\u021bi la: contact[at]calatorinromania.com<\/p>\n","protected":false},"excerpt":{"rendered":"<p>Data: 13.11.2023 1. Introducere Bine a\u021bi venit la calatorinromania.com. La calatorinromania.com, ne angaj\u0103m s\u0103 v\u0103 protej\u0103m confiden\u021bialitatea. Aceast\u0103 Politic\u0103 de Confiden\u021bialitate explic\u0103 modul \u00een care<\/p>\n","protected":false},"author":1,"featured_media":0,"parent":0,"menu_order":0,"comment_status":"closed","ping_status":"closed","template":"","meta":[],"_links":{"self":[{"href":"https:\/\/calatorinromania.com\/index.php?rest_route=\/wp\/v2\/pages\/24720"}],"collection":[{"href":"https:\/\/calatorinromania.com\/index.php?rest_route=\/wp\/v2\/pages"}],"about":[{"href":"https:\/\/calatorinromania.com\/index.php?rest_route=\/wp\/v2\/types\/page"}],"author":[{"embeddable":true,"href":"https:\/\/calatorinromania.com\/index.php?rest_route=\/wp\/v2\/users\/1"}],"replies":[{"embeddable":true,"href":"https:\/\/calatorinromania.com\/index.php?rest_route=%2Fwp%2Fv2%2Fcomments&post=24720"}],"version-history":[{"count":1,"href":"https:\/\/calatorinromania.com\/index.php?rest_route=\/wp\/v2\/pages\/24720\/revisions"}],"predecessor-version":[{"id":24721,"href":"https:\/\/calatorinromania.com\/index.php?rest_route=\/wp\/v2\/pages\/24720\/revisions\/24721"}],"wp:attachment":[{"href":"https:\/\/calatorinromania.com\/index.php?rest_route=%2Fwp%2Fv2%2Fmedia&parent=24720"}],"curies":[{"name":"wp","href":"https:\/\/api.w.org\/{rel}","templated":true}]}}